[INFO] cloning repository https://github.com/MRGRAVITY817/mailcrab
[INFO] running `Command { std: "git" "-c" "credential.helper=" "-c" "credential.helper=/workspace/cargo-home/bin/git-credential-null" "clone" "--bare" "https://github.com/MRGRAVITY817/mailcrab" "/workspace/cache/git-repos/https%3A%2F%2Fgithub.com%2FMRGRAVITY817%2Fmailcrab", kill_on_drop: false }`
[INFO] [stderr] Cloning into bare repository '/workspace/cache/git-repos/https%3A%2F%2Fgithub.com%2FMRGRAVITY817%2Fmailcrab'...
[INFO] running `Command { std: "git" "rev-parse" "HEAD", kill_on_drop: false }`
[INFO] [stdout] cfae6e630fd7542d290616da10eb61c8617488bd
[INFO] checking MRGRAVITY817/mailcrab against master#e6e4f7ed1589e03bc2f6c5931c1a72e7947e8682 for beta-170-4
[INFO] running `Command { std: "git" "clone" "/workspace/cache/git-repos/https%3A%2F%2Fgithub.com%2FMRGRAVITY817%2Fmailcrab" "/workspace/builds/worker-6-tc2/source", kill_on_drop: false }`
[INFO] [stderr] Cloning into '/workspace/builds/worker-6-tc2/source'...
[INFO] [stderr] done.
[INFO] validating manifest of git repo https://github.com/MRGRAVITY817/mailcrab on toolchain e6e4f7ed1589e03bc2f6c5931c1a72e7947e8682
[INFO] running `Command { std: CARGO_HOME="/workspace/cargo-home" RUSTUP_HOME="/workspace/rustup-home" "/workspace/cargo-home/bin/cargo" "+e6e4f7ed1589e03bc2f6c5931c1a72e7947e8682" "metadata" "--manifest-path" "Cargo.toml" "--no-deps", kill_on_drop: false }`
[INFO] started tweaking git repo https://github.com/MRGRAVITY817/mailcrab
[INFO] finished tweaking git repo https://github.com/MRGRAVITY817/mailcrab
[INFO] tweaked toml for git repo https://github.com/MRGRAVITY817/mailcrab written to /workspace/builds/worker-6-tc2/source/Cargo.toml
[INFO] crate git repo https://github.com/MRGRAVITY817/mailcrab already has a lockfile, it will not be regenerated
[INFO] running `Command { std: CARGO_HOME="/workspace/cargo-home" RUSTUP_HOME="/workspace/rustup-home" "/workspace/cargo-home/bin/cargo" "+e6e4f7ed1589e03bc2f6c5931c1a72e7947e8682" "fetch" "--manifest-path" "Cargo.toml", kill_on_drop: false }`
[INFO] running `Command { std: "docker" "create" "-v" "/var/lib/crater-agent-workspace/builds/worker-6-tc2/target:/opt/rustwide/target:rw,Z" "-v" "/var/lib/crater-agent-workspace/builds/worker-6-tc2/source:/opt/rustwide/workdir:ro,Z" "-v" "/var/lib/crater-agent-workspace/cargo-home:/opt/rustwide/cargo-home:ro,Z" "-v" "/var/lib/crater-agent-workspace/rustup-home:/opt/rustwide/rustup-home:ro,Z" "-e" "SOURCE_DIR=/opt/rustwide/workdir" "-e" "CARGO_TARGET_DIR=/opt/rustwide/target" "-e" "CARGO_HOME=/opt/rustwide/cargo-home" "-e" "RUSTUP_HOME=/opt/rustwide/rustup-home" "-w" "/opt/rustwide/workdir" "-m" "1610612736" "--user" "0:0" "--network" "none" "ghcr.io/rust-lang/crates-build-env/linux@sha256:19e73879b68f455e41552ea35293514db52ea292d993f571636dbffedb77a1ee" "/opt/rustwide/cargo-home/bin/cargo" "+e6e4f7ed1589e03bc2f6c5931c1a72e7947e8682" "metadata" "--no-deps" "--format-version=1", kill_on_drop: false }`
[INFO] [stdout] fcc5771be2d146e9f4789dbd703084858b4e1cd226b03809dfd86c368ef93ca8
[INFO] running `Command { std: "docker" "start" "-a" "fcc5771be2d146e9f4789dbd703084858b4e1cd226b03809dfd86c368ef93ca8", kill_on_drop: false }`
[INFO] running `Command { std: "docker" "inspect" "fcc5771be2d146e9f4789dbd703084858b4e1cd226b03809dfd86c368ef93ca8", kill_on_drop: false }`
[INFO] running `Command { std: "docker" "rm" "-f" "fcc5771be2d146e9f4789dbd703084858b4e1cd226b03809dfd86c368ef93ca8", kill_on_drop: false }`
[INFO] [stdout] fcc5771be2d146e9f4789dbd703084858b4e1cd226b03809dfd86c368ef93ca8
[INFO] running `Command { std: "docker" "create" "-v" "/var/lib/crater-agent-workspace/builds/worker-6-tc2/target:/opt/rustwide/target:rw,Z" "-v" "/var/lib/crater-agent-workspace/builds/worker-6-tc2/source:/opt/rustwide/workdir:ro,Z" "-v" "/var/lib/crater-agent-workspace/cargo-home:/opt/rustwide/cargo-home:ro,Z" "-v" "/var/lib/crater-agent-workspace/rustup-home:/opt/rustwide/rustup-home:ro,Z" "-e" "SOURCE_DIR=/opt/rustwide/workdir" "-e" "CARGO_TARGET_DIR=/opt/rustwide/target" "-e" "CARGO_INCREMENTAL=0" "-e" "RUST_BACKTRACE=full" "-e" "RUSTFLAGS=--cap-lints=forbid" "-e" "RUSTDOCFLAGS=--cap-lints=forbid" "-e" "CARGO_HOME=/opt/rustwide/cargo-home" "-e" "RUSTUP_HOME=/opt/rustwide/rustup-home" "-w" "/opt/rustwide/workdir" "-m" "1610612736" "--user" "0:0" "--network" "none" "ghcr.io/rust-lang/crates-build-env/linux@sha256:19e73879b68f455e41552ea35293514db52ea292d993f571636dbffedb77a1ee" "/opt/rustwide/cargo-home/bin/cargo" "+e6e4f7ed1589e03bc2f6c5931c1a72e7947e8682" "check" "--frozen" "--all" "--all-targets" "--message-format=json", kill_on_drop: false }`
[INFO] [stdout] 5015e10b70f194db430c15925f72cff42040e9c7f1c260e8f857a3345df70727
[INFO] running `Command { std: "docker" "start" "-a" "5015e10b70f194db430c15925f72cff42040e9c7f1c260e8f857a3345df70727", kill_on_drop: false }`
[INFO] [stderr]    Compiling libc v0.2.125
[INFO] [stderr]    Compiling proc-macro2 v1.0.37
[INFO] [stderr]    Compiling syn v1.0.92
[INFO] [stderr]    Compiling memchr v2.5.0
[INFO] [stderr]    Compiling log v0.4.16
[INFO] [stderr]    Compiling futures-core v0.3.21
[INFO] [stderr]    Compiling serde_derive v1.0.137
[INFO] [stderr]    Compiling serde v1.0.137
[INFO] [stderr]    Compiling generic-array v0.14.5
[INFO] [stderr]    Compiling parking_lot_core v0.9.3
[INFO] [stderr]     Checking smallvec v1.8.0
[INFO] [stderr]     Checking lock_api v0.4.6
[INFO] [stderr]    Compiling ahash v0.7.6
[INFO] [stderr]     Checking futures-sink v0.3.21
[INFO] [stderr]     Checking subtle v2.4.1
[INFO] [stderr]     Checking tracing-core v0.1.26
[INFO] [stderr]    Compiling futures-task v0.3.21
[INFO] [stderr]    Compiling serde_json v1.0.80
[INFO] [stderr]    Compiling quote v1.0.18
[INFO] [stderr]     Checking socket2 v0.4.4
[INFO] [stderr]    Compiling jobserver v0.1.24
[INFO] [stderr]     Checking parking_lot v0.12.0
[INFO] [stderr]     Checking signal-hook-registry v1.4.0
[INFO] [stderr]     Checking num_cpus v1.13.1
[INFO] [stderr]     Checking mio v0.8.2
[INFO] [stderr]     Checking getrandom v0.2.6
[INFO] [stderr]     Checking futures-io v0.3.21
[INFO] [stderr]    Compiling cc v1.0.73
[INFO] [stderr]    Compiling futures-channel v0.3.21
[INFO] [stderr]    Compiling futures-util v0.3.21
[INFO] [stderr]     Checking tinyvec_macros v0.1.0
[INFO] [stderr]     Checking slab v0.4.6
[INFO] [stderr]     Checking tinyvec v1.6.0
[INFO] [stderr]     Checking matches v0.1.9
[INFO] [stderr]     Checking crypto-common v0.1.3
[INFO] [stderr]     Checking block-buffer v0.10.2
[INFO] [stderr]    Compiling bytes v1.1.0
[INFO] [stderr]     Checking unicode-bidi v0.3.8
[INFO] [stderr]     Checking digest v0.10.3
[INFO] [stderr]     Checking hashbrown v0.11.2
[INFO] [stderr]    Compiling num-traits v0.2.15
[INFO] [stderr]    Compiling once_cell v1.10.0
[INFO] [stderr]     Checking form_urlencoded v1.0.1
[INFO] [stderr]     Checking aho-corasick v0.7.18
[INFO] [stderr]    Compiling indexmap v1.8.1
[INFO] [stderr]     Checking spin v0.5.2
[INFO] [stderr]     Checking untrusted v0.7.1
[INFO] [stderr]     Checking http v0.2.7
[INFO] [stderr]     Checking rand_core v0.6.3
[INFO] [stderr]    Compiling httparse v1.7.1
[INFO] [stderr]     Checking unicode-normalization v0.1.19
[INFO] [stderr]    Compiling itoa v1.0.1
[INFO] [stderr]    Compiling ring v0.16.20
[INFO] [stderr]    Compiling zstd-sys v1.6.3+zstd.1.5.2
[INFO] [stderr]     Checking regex v1.5.5
[INFO] [stderr]    Compiling typenum v1.15.0
[INFO] [stderr]    Compiling scopeguard v1.1.0
[INFO] [stderr]     Checking rand_chacha v0.3.1
[INFO] [stderr]     Checking httpdate v1.0.2
[INFO] [stderr]     Checking idna v0.2.3
[INFO] [stderr]     Checking hmac v0.12.1
[INFO] [stderr]     Checking rand v0.8.5
[INFO] [stderr]     Checking universal-hash v0.4.1
[INFO] [stderr]     Checking cipher v0.3.0
[INFO] [stderr]    Compiling num-integer v0.1.45
[INFO] [stderr]     Checking alloc-no-stdlib v2.0.3
[INFO] [stderr]     Checking local-waker v0.1.2
[INFO] [stderr]    Compiling crc32fast v1.3.2
[INFO] [stderr]    Compiling encoding_rs v0.8.31
[INFO] [stderr]    Compiling zstd-safe v4.1.4+zstd.1.5.2
[INFO] [stderr]    Compiling openssl-sys v0.9.73
[INFO] [stderr]     Checking alloc-stdlib v0.2.1
[INFO] [stderr]     Checking hkdf v0.12.3
[INFO] [stderr]     Checking polyval v0.5.3
[INFO] [stderr]     Checking sha2 v0.10.2
[INFO] [stderr]     Checking sha-1 v0.10.0
[INFO] [stderr]    Compiling crossbeam-utils v0.8.8
[INFO] [stderr]    Compiling fnv v1.0.7
[INFO] [stderr]     Checking num_threads v0.1.5
[INFO] [stderr]    Compiling time-macros v0.2.4
[INFO] [stderr]    Compiling pin-project-lite v0.2.9
[INFO] [stderr]     Checking mime v0.3.16
[INFO] [stderr]     Checking miniz_oxide v0.5.1
[INFO] [stderr]     Checking ghash v0.4.4
[INFO] [stderr]     Checking brotli-decompressor v2.3.2
[INFO] [stderr]     Checking actix-utils v3.0.0
[INFO] [stderr]     Checking aes v0.7.5
[INFO] [stderr]     Checking ctr v0.8.0
[INFO] [stderr]     Checking actix-service v2.0.2
[INFO] [stderr]    Compiling bytestring v1.0.0
[INFO] [stderr]     Checking time v0.3.9
[INFO] [stderr]     Checking aead v0.4.3
[INFO] [stderr]    Compiling unicase v2.6.0
[INFO] [stderr]    Compiling standback v0.2.17
[INFO] [stderr]    Compiling cookie v0.16.0
[INFO] [stderr]    Compiling firestorm v0.5.0
[INFO] [stderr]    Compiling proc-macro-hack v0.5.19
[INFO] [stderr]    Compiling tokio v1.18.0
[INFO] [stderr]    Compiling webpki v0.21.4
[INFO] [stderr]     Checking aes-gcm v0.9.4
[INFO] [stderr]     Checking brotli v3.3.4
[INFO] [stderr]     Checking flate2 v1.0.23
[INFO] [stderr]    Compiling crossbeam-queue v0.3.5
[INFO] [stderr]     Checking language-tags v0.3.2
[INFO] [stderr]    Compiling async-trait v0.1.53
[INFO] [stderr]    Compiling sct v0.6.1
[INFO] [stderr]     Checking regex-automata v0.1.10
[INFO] [stderr]    Compiling tokio-macros v1.7.0
[INFO] [stderr]    Compiling tracing-attributes v0.1.21
[INFO] [stderr]    Compiling futures-macro v0.3.21
[INFO] [stderr]    Compiling thiserror-impl v1.0.31
[INFO] [stderr]    Compiling derive_more v0.99.17
[INFO] [stderr]     Checking tracing v0.1.34
[INFO] [stderr]    Compiling actix-macros v0.2.3
[INFO] [stderr]     Checking thiserror v1.0.31
[INFO] [stderr]    Compiling instant v0.1.12
[INFO] [stderr]    Compiling const_fn v0.4.9
[INFO] [stderr]    Compiling anyhow v1.0.57
[INFO] [stderr]    Compiling openssl v0.10.40
[INFO] [stderr]    Compiling base64 v0.13.0
[INFO] [stderr]    Compiling parking_lot_core v0.8.5
[INFO] [stderr]    Compiling rustls v0.19.1
[INFO] [stderr]    Compiling time-macros-impl v0.1.2
[INFO] [stderr]     Checking tokio-util v0.7.1
[INFO] [stderr]     Checking actix-rt v2.7.0
[INFO] [stderr]     Checking local-channel v0.1.2
[INFO] [stderr]     Checking actix-server v2.1.1
[INFO] [stderr]    Compiling openssl-macros v0.1.0
[INFO] [stderr]     Checking h2 v0.3.13
[INFO] [stderr]     Checking actix-codec v0.5.0
[INFO] [stderr]     Checking getrandom v0.1.16
[INFO] [stderr]     Checking webpki v0.22.0
[INFO] [stderr]    Compiling time v0.2.27
[INFO] [stderr]     Checking unicode-xid v0.2.2
[INFO] [stderr]    Compiling cpufeatures v0.2.2
[INFO] [stderr]    Compiling minimal-lexical v0.2.1
[INFO] [stderr]    Compiling native-tls v0.2.10
[INFO] [stderr]     Checking event-listener v2.5.2
[INFO] [stderr]    Compiling percent-encoding v2.1.0
[INFO] [stderr]     Checking byteorder v1.4.3
[INFO] [stderr]    Compiling rustls v0.20.6
[INFO] [stderr]     Checking want v0.3.0
[INFO] [stderr]    Compiling nom v7.1.1
[INFO] [stderr]    Compiling mime_guess v2.0.4
[INFO] [stderr]    Compiling tokio-rustls v0.22.0
[INFO] [stderr]     Checking rand_core v0.5.1
[INFO] [stderr]     Checking time-macros v0.1.1
[INFO] [stderr]     Checking futures-executor v0.3.21
[INFO] [stderr]    Compiling parking_lot v0.11.2
[INFO] [stderr]     Checking url v2.2.2
[INFO] [stderr]     Checking serde_urlencoded v0.7.1
[INFO] [stderr]    Compiling actix-router v0.5.0
[INFO] [stderr]    Compiling either v1.6.1
[INFO] [stderr]    Compiling itertools v0.10.3
[INFO] [stderr]     Checking sct v0.7.0
[INFO] [stderr]     Checking http-body v0.4.4
[INFO] [stderr]    Compiling dirs-sys v0.3.7
[INFO] [stderr]     Checking time v0.1.43
[INFO] [stderr]    Compiling actix-web-codegen v4.0.0
[INFO] [stderr]    Compiling cookie v0.15.1
[INFO] [stderr]     Checking itoa v0.4.8
[INFO] [stderr]     Checking openssl-probe v0.1.5
[INFO] [stderr]    Compiling ryu v1.0.9
[INFO] [stderr]    Compiling unicode_categories v0.1.1
[INFO] [stderr]    Compiling pin-utils v0.1.0
[INFO] [stderr]    Compiling lexical-core v0.7.6
[INFO] [stderr]     Checking tower-service v0.3.1
[INFO] [stderr]    Compiling crc-catalog v1.1.1
[INFO] [stderr]    Compiling crc v2.1.0
[INFO] [stderr]     Checking hyper v0.14.18
[INFO] [stderr]     Checking chrono v0.4.19
[INFO] [stderr]    Compiling sqlformat v0.1.8
[INFO] [stderr]    Compiling dirs v4.0.0
[INFO] [stderr]    Compiling sqlx-rt v0.5.13
[INFO] [stderr]    Compiling futures-intrusive v0.4.0
[INFO] [stderr]     Checking uuid v0.8.2
[INFO] [stderr]     Checking futures v0.3.21
[INFO] [stderr]     Checking rand_chacha v0.2.2
[INFO] [stderr]    Compiling hashlink v0.7.0
[INFO] [stderr]    Compiling stringprep v0.1.2
[INFO] [stderr]    Compiling tokio-stream v0.1.8
[INFO] [stderr]    Compiling atoi v0.4.0
[INFO] [stderr]    Compiling pin-project-internal v1.0.10
[INFO] [stderr]    Compiling webpki-roots v0.21.1
[INFO] [stderr]    Compiling md-5 v0.10.1
[INFO] [stderr]    Compiling nom v5.1.2
[INFO] [stderr]     Checking static_assertions v1.1.0
[INFO] [stderr]    Compiling unicode-segmentation v1.9.0
[INFO] [stderr]    Compiling bitflags v1.3.2
[INFO] [stderr]    Compiling whoami v1.2.1
[INFO] [stderr]     Checking psl-types v2.0.10
[INFO] [stderr]     Checking arc-swap v1.5.0
[INFO] [stderr]    Compiling hex v0.4.3
[INFO] [stderr]     Checking arrayvec v0.5.2
[INFO] [stderr]     Checking publicsuffix v2.1.1
[INFO] [stderr]    Compiling heck v0.4.0
[INFO] [stderr]    Compiling sqlx-core v0.5.13
[INFO] [stderr]     Checking tokio-rustls v0.23.4
[INFO] [stderr]     Checking rand v0.7.3
[INFO] [stderr]     Checking tokio-native-tls v0.3.0
[INFO] [stderr]     Checking bstr v0.2.17
[INFO] [stderr]     Checking combine v4.6.4
[INFO] [stderr]     Checking pin-project v1.0.10
[INFO] [stderr]     Checking tokio-util v0.6.10
[INFO] [stderr]     Checking matchers v0.1.0
[INFO] [stderr]     Checking num-traits v0.1.43
[INFO] [stderr]     Checking tracing-log v0.1.3
[INFO] [stderr]     Checking csv-core v0.1.10
[INFO] [stderr]     Checking sharded-slab v0.1.4
[INFO] [stderr]     Checking thread_local v1.1.4
[INFO] [stderr]    Compiling claim v0.5.0
[INFO] [stderr]     Checking dtoa v0.4.8
[INFO] [stderr]     Checking askama_escape v0.10.3
[INFO] [stderr]     Checking base64ct v1.0.1
[INFO] [stderr]     Checking serde v0.8.23
[INFO] [stderr]    Compiling dotenv v0.15.0
[INFO] [stderr]     Checking cache-padded v1.2.0
[INFO] [stderr]     Checking ansi_term v0.12.1
[INFO] [stderr]     Checking http-range v0.1.5
[INFO] [stderr]     Checking linked-hash-map v0.5.4
[INFO] [stderr]     Checking validator_types v0.14.0
[INFO] [stderr]     Checking tracing-subscriber v0.3.11
[INFO] [stderr]     Checking concurrent-queue v1.2.2
[INFO] [stderr]     Checking yaml-rust v0.4.5
[INFO] [stderr]     Checking password-hash v0.3.2
[INFO] [stderr]     Checking csv v1.1.6
[INFO] [stderr]     Checking tracing-futures v0.2.5
[INFO] [stderr]     Checking cookie_store v0.15.1
[INFO] [stderr]     Checking hyper-rustls v0.23.0
[INFO] [stderr]     Checking toml v0.5.9
[INFO] [stderr]     Checking serde-hjson v0.9.1
[INFO] [stderr]     Checking webpki-roots v0.22.3
[INFO] [stderr]     Checking rustls-pemfile v0.3.0
[INFO] [stderr]     Checking blake2 v0.10.4
[INFO] [stderr]     Checking gethostname v0.2.3
[INFO] [stderr]     Checking fastrand v1.7.0
[INFO] [stderr]     Checking waker-fn v1.1.0
[INFO] [stderr]     Checking zeroize v1.5.5
[INFO] [stderr]     Checking rust-ini v0.13.0
[INFO] [stderr]     Checking parking v2.0.0
[INFO] [stderr]    Compiling http-types v2.12.0
[INFO] [stderr]     Checking futures-lite v1.12.0
[INFO] [stderr]     Checking reqwest v0.11.10
[INFO] [stderr]     Checking secrecy v0.8.0
[INFO] [stderr]     Checking argon2 v0.3.4
[INFO] [stderr]     Checking tracing-bunyan-formatter v0.3.2
[INFO] [stderr]     Checking async-channel v1.6.1
[INFO] [stderr]     Checking validator v0.14.0
[INFO] [stderr]     Checking serde-aux v3.0.1
[INFO] [stderr]     Checking serde_qs v0.8.5
[INFO] [stderr]     Checking deadpool-runtime v0.1.2
[INFO] [stderr]     Checking retain_mut v0.1.7
[INFO] [stderr]     Checking htmlescape v0.3.1
[INFO] [stderr]     Checking infer v0.2.3
[INFO] [stderr]     Checking config v0.11.0
[INFO] [stderr]     Checking urlencoding v2.1.0
[INFO] [stderr]     Checking deadpool v0.9.4
[INFO] [stderr]     Checking assert-json-diff v2.0.1
[INFO] [stderr]     Checking env_logger v0.7.1
[INFO] [stderr]     Checking futures-timer v3.0.2
[INFO] [stderr]     Checking fake v2.3.0
[INFO] [stderr]    Compiling quickcheck_macros v0.9.1
[INFO] [stderr]     Checking quickcheck v0.9.2
[INFO] [stderr]     Checking linkify v0.8.1
[INFO] [stderr]     Checking wiremock v0.5.13
[INFO] [stderr]    Compiling sqlx-macros v0.5.13
[INFO] [stderr]     Checking redis v0.21.5
[INFO] [stderr]     Checking sqlx v0.5.13
[INFO] [stderr]     Checking zstd v0.10.0+zstd.1.5.2
[INFO] [stderr]     Checking actix-http v3.0.4
[INFO] [stderr]     Checking actix-web v4.0.1
[INFO] [stderr]     Checking actix-files v0.6.0
[INFO] [stderr]     Checking tracing-actix-web v0.5.1
[INFO] [stderr]     Checking actix-web-flash-messages v0.3.2
[INFO] [stderr]     Checking actix-session v0.6.2
[INFO] [stderr]     Checking actix-web-lab v0.15.2
[INFO] [stderr]     Checking mailcrab v0.1.0 (/opt/rustwide/workdir)
[INFO] [stdout] error: error communicating with database: Cannot assign requested address (os error 99)
[INFO] [stdout]   --> src/authentication/password.rs:30:15
[INFO] [stdout]    |
[INFO] [stdout] 30 |       let row = sqlx::query!(
[INFO] [stdout]    |  _______________^
[INFO] [stdout] 31 | |         r#"
[INFO] [stdout] 32 | |         SELECT user_id, password_hash
[INFO] [stdout] 33 | |         FROM users
[INFO] [stdout] ...  |
[INFO] [stdout] 36 | |         username
[INFO] [stdout] 37 | |     )
[INFO] [stdout]    | |_____^
[INFO] [stdout]    |
[INFO] [stdout]    = note: this error originates in the macro `$crate::sqlx_macros::expand_query` which comes from the expansion of the macro `sqlx::query` (in Nightly builds, run with -Z macro-backtrace for more info)
[INFO] [stdout] 
[INFO] [stdout] 
[INFO] [stdout] error: error communicating with database: Cannot assign requested address (os error 99)
[INFO] [stdout]    --> src/authentication/password.rs:109:5
[INFO] [stdout]     |
[INFO] [stdout] 109 | /     sqlx::query!(
[INFO] [stdout] 110 | |         r#"
[INFO] [stdout] 111 | |     UPDATE users
[INFO] [stdout] 112 | |     SET password_hash = $1
[INFO] [stdout] ...   |
[INFO] [stdout] 116 | |         user_id
[INFO] [stdout] 117 | |     )
[INFO] [stdout]     | |_____^
[INFO] [stdout]     |
[INFO] [stdout]     = note: this error originates in the macro `$crate::sqlx_macros::expand_query` which comes from the expansion of the macro `sqlx::query` (in Nightly builds, run with -Z macro-backtrace for more info)
[INFO] [stdout] 
[INFO] [stdout] 
[INFO] [stdout] error: error communicating with database: Cannot assign requested address (os error 99)
[INFO] [stdout]   --> src/idempotency/persistence.rs:26:27
[INFO] [stdout]    |
[INFO] [stdout] 26 |       let n_inserted_rows = sqlx::query!(
[INFO] [stdout]    |  ___________________________^
[INFO] [stdout] 27 | |         r#"
[INFO] [stdout] 28 | |         INSERT INTO idempotency (
[INFO] [stdout] 29 | |             user_id,
[INFO] [stdout] ...  |
[INFO] [stdout] 37 | |         idempotency_key.as_ref()
[INFO] [stdout] 38 | |     )
[INFO] [stdout]    | |_____^
[INFO] [stdout]    |
[INFO] [stdout]    = note: this error originates in the macro `$crate::sqlx_macros::expand_query` which comes from the expansion of the macro `sqlx::query` (in Nightly builds, run with -Z macro-backtrace for more info)
[INFO] [stdout] 
[INFO] [stdout] 
[INFO] [stdout] error: error communicating with database: Cannot assign requested address (os error 99)
[INFO] [stdout]   --> src/idempotency/persistence.rs:60:26
[INFO] [stdout]    |
[INFO] [stdout] 60 |       let saved_response = sqlx::query!(
[INFO] [stdout]    |  __________________________^
[INFO] [stdout] 61 | |         r#"
[INFO] [stdout] 62 | |         SELECT
[INFO] [stdout] 63 | |         response_status_code AS "response_status_code!",
[INFO] [stdout] ...  |
[INFO] [stdout] 72 | |         idempotency_key.as_ref()
[INFO] [stdout] 73 | |     )
[INFO] [stdout]    | |_____^
[INFO] [stdout]    |
[INFO] [stdout]    = note: this error originates in the macro `$crate::sqlx_macros::expand_query` which comes from the expansion of the macro `sqlx::query` (in Nightly builds, run with -Z macro-backtrace for more info)
[INFO] [stdout] 
[INFO] [stdout] 
[INFO] [stdout] error: error communicating with database: Cannot assign requested address (os error 99)
[INFO] [stdout]    --> src/idempotency/persistence.rs:111:5
[INFO] [stdout]     |
[INFO] [stdout] 111 | /     sqlx::query_unchecked!(
[INFO] [stdout] 112 | |         r#"
[INFO] [stdout] 113 | |         UPDATE idempotency
[INFO] [stdout] 114 | |         SET 
[INFO] [stdout] ...   |
[INFO] [stdout] 126 | |         body.as_ref()
[INFO] [stdout] 127 | |     )
[INFO] [stdout]     | |_____^
[INFO] [stdout]     |
[INFO] [stdout]     = note: this error originates in the macro `$crate::sqlx_macros::expand_query` which comes from the expansion of the macro `sqlx::query_unchecked` (in Nightly builds, run with -Z macro-backtrace for more info)
[INFO] [stdout] 
[INFO] [stdout] 
[INFO] [stdout] error: error communicating with database: Cannot assign requested address (os error 99)
[INFO] [stdout]   --> src/authentication/password.rs:30:15
[INFO] [stdout]    |
[INFO] [stdout] 30 |       let row = sqlx::query!(
[INFO] [stdout]    |  _______________^
[INFO] [stdout] 31 | |         r#"
[INFO] [stdout] 32 | |         SELECT user_id, password_hash
[INFO] [stdout] 33 | |         FROM users
[INFO] [stdout] ...  |
[INFO] [stdout] 36 | |         username
[INFO] [stdout] 37 | |     )
[INFO] [stdout]    | |_____^
[INFO] [stdout]    |
[INFO] [stdout]    = note: this error originates in the macro `$crate::sqlx_macros::expand_query` which comes from the expansion of the macro `sqlx::query` (in Nightly builds, run with -Z macro-backtrace for more info)
[INFO] [stdout] 
[INFO] [stdout] 
[INFO] [stdout] error: error communicating with database: Cannot assign requested address (os error 99)
[INFO] [stdout]   --> src/issue_delivery_worker.rs:20:17
[INFO] [stdout]    |
[INFO] [stdout] 20 |       let issue = sqlx::query_as!(
[INFO] [stdout]    |  _________________^
[INFO] [stdout] 21 | |         NewsletterIssue,
[INFO] [stdout] 22 | |         r#"
[INFO] [stdout] 23 | |         SELECT title, text_content, html_content
[INFO] [stdout] ...  |
[INFO] [stdout] 27 | |         issue_id
[INFO] [stdout] 28 | |     )
[INFO] [stdout]    | |_____^
[INFO] [stdout]    |
[INFO] [stdout]    = note: this error originates in the macro `$crate::sqlx_macros::expand_query` which comes from the expansion of the macro `sqlx::query_as` (in Nightly builds, run with -Z macro-backtrace for more info)
[INFO] [stdout] 
[INFO] [stdout] 
[INFO] [stdout] error: error communicating with database: Cannot assign requested address (os error 99)
[INFO] [stdout]    --> src/authentication/password.rs:109:5
[INFO] [stdout]     |
[INFO] [stdout] 109 | /     sqlx::query!(
[INFO] [stdout] 110 | |         r#"
[INFO] [stdout] 111 | |     UPDATE users
[INFO] [stdout] 112 | |     SET password_hash = $1
[INFO] [stdout] ...   |
[INFO] [stdout] 116 | |         user_id
[INFO] [stdout] 117 | |     )
[INFO] [stdout]     | |_____^
[INFO] [stdout]     |
[INFO] [stdout]     = note: this error originates in the macro `$crate::sqlx_macros::expand_query` which comes from the expansion of the macro `sqlx::query` (in Nightly builds, run with -Z macro-backtrace for more info)
[INFO] [stdout] 
[INFO] [stdout] 
[INFO] [stdout] error: error communicating with database: Cannot assign requested address (os error 99)
[INFO] [stdout]    --> src/issue_delivery_worker.rs:129:13
[INFO] [stdout]     |
[INFO] [stdout] 129 |       let r = sqlx::query!(
[INFO] [stdout]     |  _____________^
[INFO] [stdout] 130 | |         r#"
[INFO] [stdout] 131 | |         SELECT newsletter_issue_id, subscriber_email
[INFO] [stdout] 132 | |         FROM issue_delivery_queue
[INFO] [stdout] ...   |
[INFO] [stdout] 136 | |         "#
[INFO] [stdout] 137 | |     )
[INFO] [stdout]     | |_____^
[INFO] [stdout]     |
[INFO] [stdout]     = note: this error originates in the macro `$crate::sqlx_macros::expand_query` which comes from the expansion of the macro `sqlx::query` (in Nightly builds, run with -Z macro-backtrace for more info)
[INFO] [stdout] 
[INFO] [stdout] 
[INFO] [stdout] error: error communicating with database: Cannot assign requested address (os error 99)
[INFO] [stdout]    --> src/issue_delivery_worker.rs:158:5
[INFO] [stdout]     |
[INFO] [stdout] 158 | /     sqlx::query!(
[INFO] [stdout] 159 | |         r#"
[INFO] [stdout] 160 | |         DELETE FROM issue_delivery_queue
[INFO] [stdout] 161 | |         WHERE
[INFO] [stdout] ...   |
[INFO] [stdout] 166 | |         email
[INFO] [stdout] 167 | |     )
[INFO] [stdout]     | |_____^
[INFO] [stdout]     |
[INFO] [stdout]     = note: this error originates in the macro `$crate::sqlx_macros::expand_query` which comes from the expansion of the macro `sqlx::query` (in Nightly builds, run with -Z macro-backtrace for more info)
[INFO] [stdout] 
[INFO] [stdout] 
[INFO] [stdout] error: error communicating with database: Cannot assign requested address (os error 99)
[INFO] [stdout]   --> src/routes/admin/dashboard.rs:46:15
[INFO] [stdout]    |
[INFO] [stdout] 46 |       let row = sqlx::query!(
[INFO] [stdout]    |  _______________^
[INFO] [stdout] 47 | |         r#"
[INFO] [stdout] 48 | |         SELECT username
[INFO] [stdout] 49 | |         FROM users
[INFO] [stdout] ...  |
[INFO] [stdout] 52 | |         user_id
[INFO] [stdout] 53 | |     )
[INFO] [stdout]    | |_____^
[INFO] [stdout]    |
[INFO] [stdout]    = note: this error originates in the macro `$crate::sqlx_macros::expand_query` which comes from the expansion of the macro `sqlx::query` (in Nightly builds, run with -Z macro-backtrace for more info)
[INFO] [stdout] 
[INFO] [stdout] 
[INFO] [stdout] error: error communicating with database: Cannot assign requested address (os error 99)
[INFO] [stdout]    --> src/routes/admin/newsletter/post.rs:88:5
[INFO] [stdout]     |
[INFO] [stdout] 88  | /     sqlx::query!(
[INFO] [stdout] 89  | |         r#"
[INFO] [stdout] 90  | |         INSERT INTO newsletter_issues (
[INFO] [stdout] 91  | |           newsletter_issue_id,
[INFO] [stdout] ...   |
[INFO] [stdout] 102 | |         html_content
[INFO] [stdout] 103 | |     )
[INFO] [stdout]     | |_____^
[INFO] [stdout]     |
[INFO] [stdout]     = note: this error originates in the macro `$crate::sqlx_macros::expand_query` which comes from the expansion of the macro `sqlx::query` (in Nightly builds, run with -Z macro-backtrace for more info)
[INFO] [stdout] 
[INFO] [stdout] 
[INFO] [stdout] error: error communicating with database: Cannot assign requested address (os error 99)
[INFO] [stdout]    --> src/routes/admin/newsletter/post.rs:116:5
[INFO] [stdout]     |
[INFO] [stdout] 116 | /     sqlx::query!(
[INFO] [stdout] 117 | |         r#"
[INFO] [stdout] 118 | |         INSERT INTO issue_delivery_queue (
[INFO] [stdout] 119 | |             newsletter_issue_id, subscriber_email
[INFO] [stdout] ...   |
[INFO] [stdout] 125 | |         newsletter_issue_id
[INFO] [stdout] 126 | |     )
[INFO] [stdout]     | |_____^
[INFO] [stdout]     |
[INFO] [stdout]     = note: this error originates in the macro `$crate::sqlx_macros::expand_query` which comes from the expansion of the macro `sqlx::query` (in Nightly builds, run with -Z macro-backtrace for more info)
[INFO] [stdout] 
[INFO] [stdout] 
[INFO] [stdout] error: error communicating with database: Cannot assign requested address (os error 99)
[INFO] [stdout]    --> src/routes/newsletters.rs:154:33
[INFO] [stdout]     |
[INFO] [stdout] 154 |       let confirmed_subscribers = sqlx::query!(
[INFO] [stdout]     |  _________________________________^
[INFO] [stdout] 155 | |         r#"
[INFO] [stdout] 156 | |             SELECT email
[INFO] [stdout] 157 | |             FROM subscriptions
[INFO] [stdout] 158 | |             WHERE status = 'confirmed'
[INFO] [stdout] 159 | |         "#,
[INFO] [stdout] 160 | |     )
[INFO] [stdout]     | |_____^
[INFO] [stdout]     |
[INFO] [stdout]     = note: this error originates in the macro `$crate::sqlx_macros::expand_query` which comes from the expansion of the macro `sqlx::query` (in Nightly builds, run with -Z macro-backtrace for more info)
[INFO] [stdout] 
[INFO] [stdout] 
[INFO] [stdout] error: error communicating with database: Cannot assign requested address (os error 99)
[INFO] [stdout]   --> src/idempotency/persistence.rs:26:27
[INFO] [stdout]    |
[INFO] [stdout] 26 |       let n_inserted_rows = sqlx::query!(
[INFO] [stdout]    |  ___________________________^
[INFO] [stdout] 27 | |         r#"
[INFO] [stdout] 28 | |         INSERT INTO idempotency (
[INFO] [stdout] 29 | |             user_id,
[INFO] [stdout] ...  |
[INFO] [stdout] 37 | |         idempotency_key.as_ref()
[INFO] [stdout] 38 | |     )
[INFO] [stdout]    | |_____^
[INFO] [stdout]    |
[INFO] [stdout]    = note: this error originates in the macro `$crate::sqlx_macros::expand_query` which comes from the expansion of the macro `sqlx::query` (in Nightly builds, run with -Z macro-backtrace for more info)
[INFO] [stdout] 
[INFO] [stdout] 
[INFO] [stdout] error: error communicating with database: Cannot assign requested address (os error 99)
[INFO] [stdout]   --> src/idempotency/persistence.rs:60:26
[INFO] [stdout]    |
[INFO] [stdout] 60 |       let saved_response = sqlx::query!(
[INFO] [stdout]    |  __________________________^
[INFO] [stdout] 61 | |         r#"
[INFO] [stdout] 62 | |         SELECT
[INFO] [stdout] 63 | |         response_status_code AS "response_status_code!",
[INFO] [stdout] ...  |
[INFO] [stdout] 72 | |         idempotency_key.as_ref()
[INFO] [stdout] 73 | |     )
[INFO] [stdout]    | |_____^
[INFO] [stdout]    |
[INFO] [stdout]    = note: this error originates in the macro `$crate::sqlx_macros::expand_query` which comes from the expansion of the macro `sqlx::query` (in Nightly builds, run with -Z macro-backtrace for more info)
[INFO] [stdout] 
[INFO] [stdout] 
[INFO] [stdout] error: error communicating with database: Cannot assign requested address (os error 99)
[INFO] [stdout]    --> src/idempotency/persistence.rs:111:5
[INFO] [stdout]     |
[INFO] [stdout] 111 | /     sqlx::query_unchecked!(
[INFO] [stdout] 112 | |         r#"
[INFO] [stdout] 113 | |         UPDATE idempotency
[INFO] [stdout] 114 | |         SET 
[INFO] [stdout] ...   |
[INFO] [stdout] 126 | |         body.as_ref()
[INFO] [stdout] 127 | |     )
[INFO] [stdout]     | |_____^
[INFO] [stdout]     |
[INFO] [stdout]     = note: this error originates in the macro `$crate::sqlx_macros::expand_query` which comes from the expansion of the macro `sqlx::query_unchecked` (in Nightly builds, run with -Z macro-backtrace for more info)
[INFO] [stdout] 
[INFO] [stdout] 
[INFO] [stdout] error: error communicating with database: Cannot assign requested address (os error 99)
[INFO] [stdout]    --> src/routes/subscriptions.rs:119:5
[INFO] [stdout]     |
[INFO] [stdout] 119 | /     sqlx::query!(
[INFO] [stdout] 120 | |         r#"
[INFO] [stdout] 121 | |         INSERT INTO subscriptions (id, email, name, subscribed_at, status)
[INFO] [stdout] 122 | |         VALUES ($1, $2, $3, $4, 'pending_confirmation')
[INFO] [stdout] ...   |
[INFO] [stdout] 127 | |         Utc::now()
[INFO] [stdout] 128 | |     )
[INFO] [stdout]     | |_____^
[INFO] [stdout]     |
[INFO] [stdout]     = note: this error originates in the macro `$crate::sqlx_macros::expand_query` which comes from the expansion of the macro `sqlx::query` (in Nightly builds, run with -Z macro-backtrace for more info)
[INFO] [stdout] 
[INFO] [stdout] 
[INFO] [stdout] error: error communicating with database: Cannot assign requested address (os error 99)
[INFO] [stdout]   --> src/issue_delivery_worker.rs:20:17
[INFO] [stdout]    |
[INFO] [stdout] 20 |       let issue = sqlx::query_as!(
[INFO] [stdout]    |  _________________^
[INFO] [stdout] 21 | |         NewsletterIssue,
[INFO] [stdout] 22 | |         r#"
[INFO] [stdout] 23 | |         SELECT title, text_content, html_content
[INFO] [stdout] ...  |
[INFO] [stdout] 27 | |         issue_id
[INFO] [stdout] 28 | |     )
[INFO] [stdout]    | |_____^
[INFO] [stdout]    |
[INFO] [stdout]    = note: this error originates in the macro `$crate::sqlx_macros::expand_query` which comes from the expansion of the macro `sqlx::query_as` (in Nightly builds, run with -Z macro-backtrace for more info)
[INFO] [stdout] 
[INFO] [stdout] 
[INFO] [stdout] error: error communicating with database: Cannot assign requested address (os error 99)
[INFO] [stdout]    --> src/routes/subscriptions.rs:148:5
[INFO] [stdout]     |
[INFO] [stdout] 148 | /     sqlx::query!(
[INFO] [stdout] 149 | |         r#"
[INFO] [stdout] 150 | |         INSERT INTO subscription_tokens (subscription_token, subscriber_id)
[INFO] [stdout] 151 | |         VALUES ($1, $2)
[INFO] [stdout] ...   |
[INFO] [stdout] 154 | |         subscriber_id
[INFO] [stdout] 155 | |     )
[INFO] [stdout]     | |_____^
[INFO] [stdout]     |
[INFO] [stdout]     = note: this error originates in the macro `$crate::sqlx_macros::expand_query` which comes from the expansion of the macro `sqlx::query` (in Nightly builds, run with -Z macro-backtrace for more info)
[INFO] [stdout] 
[INFO] [stdout] 
[INFO] [stdout] error: error communicating with database: Cannot assign requested address (os error 99)
[INFO] [stdout]    --> src/issue_delivery_worker.rs:129:13
[INFO] [stdout]     |
[INFO] [stdout] 129 |       let r = sqlx::query!(
[INFO] [stdout]     |  _____________^
[INFO] [stdout] 130 | |         r#"
[INFO] [stdout] 131 | |         SELECT newsletter_issue_id, subscriber_email
[INFO] [stdout] 132 | |         FROM issue_delivery_queue
[INFO] [stdout] ...   |
[INFO] [stdout] 136 | |         "#
[INFO] [stdout] 137 | |     )
[INFO] [stdout]     | |_____^
[INFO] [stdout]     |
[INFO] [stdout]     = note: this error originates in the macro `$crate::sqlx_macros::expand_query` which comes from the expansion of the macro `sqlx::query` (in Nightly builds, run with -Z macro-backtrace for more info)
[INFO] [stdout] 
[INFO] [stdout] 
[INFO] [stdout] error: error communicating with database: Cannot assign requested address (os error 99)
[INFO] [stdout]   --> src/routes/subscriptions_confirm.rs:33:5
[INFO] [stdout]    |
[INFO] [stdout] 33 | /     sqlx::query!(
[INFO] [stdout] 34 | |         r#"
[INFO] [stdout] 35 | |         UPDATE subscriptions SET status = 'confirmed' WHERE id = $1
[INFO] [stdout] 36 | |         "#,
[INFO] [stdout] 37 | |         subscriber_id
[INFO] [stdout] 38 | |     )
[INFO] [stdout]    | |_____^
[INFO] [stdout]    |
[INFO] [stdout]    = note: this error originates in the macro `$crate::sqlx_macros::expand_query` which comes from the expansion of the macro `sqlx::query` (in Nightly builds, run with -Z macro-backtrace for more info)
[INFO] [stdout] 
[INFO] [stdout] 
[INFO] [stdout] error: error communicating with database: Cannot assign requested address (os error 99)
[INFO] [stdout]    --> src/issue_delivery_worker.rs:158:5
[INFO] [stdout]     |
[INFO] [stdout] 158 | /     sqlx::query!(
[INFO] [stdout] 159 | |         r#"
[INFO] [stdout] 160 | |         DELETE FROM issue_delivery_queue
[INFO] [stdout] 161 | |         WHERE
[INFO] [stdout] ...   |
[INFO] [stdout] 166 | |         email
[INFO] [stdout] 167 | |     )
[INFO] [stdout]     | |_____^
[INFO] [stdout]     |
[INFO] [stdout]     = note: this error originates in the macro `$crate::sqlx_macros::expand_query` which comes from the expansion of the macro `sqlx::query` (in Nightly builds, run with -Z macro-backtrace for more info)
[INFO] [stdout] 
[INFO] [stdout] 
[INFO] [stdout] error: error communicating with database: Cannot assign requested address (os error 99)
[INFO] [stdout]   --> src/routes/admin/dashboard.rs:46:15
[INFO] [stdout]    |
[INFO] [stdout] 46 |       let row = sqlx::query!(
[INFO] [stdout]    |  _______________^
[INFO] [stdout] 47 | |         r#"
[INFO] [stdout] 48 | |         SELECT username
[INFO] [stdout] 49 | |         FROM users
[INFO] [stdout] ...  |
[INFO] [stdout] 52 | |         user_id
[INFO] [stdout] 53 | |     )
[INFO] [stdout]    | |_____^
[INFO] [stdout]    |
[INFO] [stdout]    = note: this error originates in the macro `$crate::sqlx_macros::expand_query` which comes from the expansion of the macro `sqlx::query` (in Nightly builds, run with -Z macro-backtrace for more info)
[INFO] [stdout] 
[INFO] [stdout] 
[INFO] [stdout] error: error communicating with database: Cannot assign requested address (os error 99)
[INFO] [stdout]   --> src/routes/subscriptions_confirm.rs:56:18
[INFO] [stdout]    |
[INFO] [stdout] 56 |       let result = sqlx::query!(
[INFO] [stdout]    |  __________________^
[INFO] [stdout] 57 | |         r#"
[INFO] [stdout] 58 | |         SELECT subscriber_id FROM subscription_tokens
[INFO] [stdout] 59 | |         WHERE subscription_token = $1
[INFO] [stdout] 60 | |         "#,
[INFO] [stdout] 61 | |         subscription_token
[INFO] [stdout] 62 | |     )
[INFO] [stdout]    | |_____^
[INFO] [stdout]    |
[INFO] [stdout]    = note: this error originates in the macro `$crate::sqlx_macros::expand_query` which comes from the expansion of the macro `sqlx::query` (in Nightly builds, run with -Z macro-backtrace for more info)
[INFO] [stdout] 
[INFO] [stdout] 
[INFO] [stdout] error: error communicating with database: Cannot assign requested address (os error 99)
[INFO] [stdout]    --> src/routes/admin/newsletter/post.rs:88:5
[INFO] [stdout]     |
[INFO] [stdout] 88  | /     sqlx::query!(
[INFO] [stdout] 89  | |         r#"
[INFO] [stdout] 90  | |         INSERT INTO newsletter_issues (
[INFO] [stdout] 91  | |           newsletter_issue_id,
[INFO] [stdout] ...   |
[INFO] [stdout] 102 | |         html_content
[INFO] [stdout] 103 | |     )
[INFO] [stdout]     | |_____^
[INFO] [stdout]     |
[INFO] [stdout]     = note: this error originates in the macro `$crate::sqlx_macros::expand_query` which comes from the expansion of the macro `sqlx::query` (in Nightly builds, run with -Z macro-backtrace for more info)
[INFO] [stdout] 
[INFO] [stdout] 
[INFO] [stdout] error: error communicating with database: Cannot assign requested address (os error 99)
[INFO] [stdout]    --> src/routes/admin/newsletter/post.rs:116:5
[INFO] [stdout]     |
[INFO] [stdout] 116 | /     sqlx::query!(
[INFO] [stdout] 117 | |         r#"
[INFO] [stdout] 118 | |         INSERT INTO issue_delivery_queue (
[INFO] [stdout] 119 | |             newsletter_issue_id, subscriber_email
[INFO] [stdout] ...   |
[INFO] [stdout] 125 | |         newsletter_issue_id
[INFO] [stdout] 126 | |     )
[INFO] [stdout]     | |_____^
[INFO] [stdout]     |
[INFO] [stdout]     = note: this error originates in the macro `$crate::sqlx_macros::expand_query` which comes from the expansion of the macro `sqlx::query` (in Nightly builds, run with -Z macro-backtrace for more info)
[INFO] [stdout] 
[INFO] [stdout] 
[INFO] [stdout] error: error communicating with database: Cannot assign requested address (os error 99)
[INFO] [stdout]    --> src/routes/newsletters.rs:154:33
[INFO] [stdout]     |
[INFO] [stdout] 154 |       let confirmed_subscribers = sqlx::query!(
[INFO] [stdout]     |  _________________________________^
[INFO] [stdout] 155 | |         r#"
[INFO] [stdout] 156 | |             SELECT email
[INFO] [stdout] 157 | |             FROM subscriptions
[INFO] [stdout] 158 | |             WHERE status = 'confirmed'
[INFO] [stdout] 159 | |         "#,
[INFO] [stdout] 160 | |     )
[INFO] [stdout]     | |_____^
[INFO] [stdout]     |
[INFO] [stdout]     = note: this error originates in the macro `$crate::sqlx_macros::expand_query` which comes from the expansion of the macro `sqlx::query` (in Nightly builds, run with -Z macro-backtrace for more info)
[INFO] [stdout] 
[INFO] [stdout] 
[INFO] [stdout] warning: unused import: `chrono::Utc`
[INFO] [stdout]   --> src/routes/subscriptions.rs:12:5
[INFO] [stdout]    |
[INFO] [stdout] 12 |     chrono::Utc,
[INFO] [stdout]    |     ^^^^^^^^^^^
[INFO] [stdout]    |
[INFO] [stdout]    = note: `#[warn(unused_imports)]` on by default
[INFO] [stdout] 
[INFO] [stdout] 
[INFO] [stdout] error: error communicating with database: Cannot assign requested address (os error 99)
[INFO] [stdout]    --> src/routes/subscriptions.rs:119:5
[INFO] [stdout]     |
[INFO] [stdout] 119 | /     sqlx::query!(
[INFO] [stdout] 120 | |         r#"
[INFO] [stdout] 121 | |         INSERT INTO subscriptions (id, email, name, subscribed_at, status)
[INFO] [stdout] 122 | |         VALUES ($1, $2, $3, $4, 'pending_confirmation')
[INFO] [stdout] ...   |
[INFO] [stdout] 127 | |         Utc::now()
[INFO] [stdout] 128 | |     )
[INFO] [stdout]     | |_____^
[INFO] [stdout]     |
[INFO] [stdout]     = note: this error originates in the macro `$crate::sqlx_macros::expand_query` which comes from the expansion of the macro `sqlx::query` (in Nightly builds, run with -Z macro-backtrace for more info)
[INFO] [stdout] 
[INFO] [stdout] 
[INFO] [stdout] error: error communicating with database: Cannot assign requested address (os error 99)
[INFO] [stdout]    --> src/routes/subscriptions.rs:148:5
[INFO] [stdout]     |
[INFO] [stdout] 148 | /     sqlx::query!(
[INFO] [stdout] 149 | |         r#"
[INFO] [stdout] 150 | |         INSERT INTO subscription_tokens (subscription_token, subscriber_id)
[INFO] [stdout] 151 | |         VALUES ($1, $2)
[INFO] [stdout] ...   |
[INFO] [stdout] 154 | |         subscriber_id
[INFO] [stdout] 155 | |     )
[INFO] [stdout]     | |_____^
[INFO] [stdout]     |
[INFO] [stdout]     = note: this error originates in the macro `$crate::sqlx_macros::expand_query` which comes from the expansion of the macro `sqlx::query` (in Nightly builds, run with -Z macro-backtrace for more info)
[INFO] [stdout] 
[INFO] [stdout] 
[INFO] [stdout] error: error communicating with database: Cannot assign requested address (os error 99)
[INFO] [stdout]   --> src/routes/subscriptions_confirm.rs:33:5
[INFO] [stdout]    |
[INFO] [stdout] 33 | /     sqlx::query!(
[INFO] [stdout] 34 | |         r#"
[INFO] [stdout] 35 | |         UPDATE subscriptions SET status = 'confirmed' WHERE id = $1
[INFO] [stdout] 36 | |         "#,
[INFO] [stdout] 37 | |         subscriber_id
[INFO] [stdout] 38 | |     )
[INFO] [stdout]    | |_____^
[INFO] [stdout]    |
[INFO] [stdout]    = note: this error originates in the macro `$crate::sqlx_macros::expand_query` which comes from the expansion of the macro `sqlx::query` (in Nightly builds, run with -Z macro-backtrace for more info)
[INFO] [stdout] 
[INFO] [stdout] 
[INFO] [stdout] error: error communicating with database: Cannot assign requested address (os error 99)
[INFO] [stdout]   --> src/routes/subscriptions_confirm.rs:56:18
[INFO] [stdout]    |
[INFO] [stdout] 56 |       let result = sqlx::query!(
[INFO] [stdout]    |  __________________^
[INFO] [stdout] 57 | |         r#"
[INFO] [stdout] 58 | |         SELECT subscriber_id FROM subscription_tokens
[INFO] [stdout] 59 | |         WHERE subscription_token = $1
[INFO] [stdout] 60 | |         "#,
[INFO] [stdout] 61 | |         subscription_token
[INFO] [stdout] 62 | |     )
[INFO] [stdout]    | |_____^
[INFO] [stdout]    |
[INFO] [stdout]    = note: this error originates in the macro `$crate::sqlx_macros::expand_query` which comes from the expansion of the macro `sqlx::query` (in Nightly builds, run with -Z macro-backtrace for more info)
[INFO] [stdout] 
[INFO] [stdout] 
[INFO] [stdout] warning: unused import: `chrono::Utc`
[INFO] [stdout]   --> src/routes/subscriptions.rs:12:5
[INFO] [stdout]    |
[INFO] [stdout] 12 |     chrono::Utc,
[INFO] [stdout]    |     ^^^^^^^^^^^
[INFO] [stdout]    |
[INFO] [stdout]    = note: `#[warn(unused_imports)]` on by default
[INFO] [stdout] 
[INFO] [stdout] 
[INFO] [stdout] warning: unused import: `anyhow::Context`
[INFO] [stdout]  --> src/routes/admin/dashboard.rs:4:5
[INFO] [stdout]   |
[INFO] [stdout] 4 |     anyhow::Context,
[INFO] [stdout]   |     ^^^^^^^^^^^^^^^
[INFO] [stdout] 
[INFO] [stdout] 
[INFO] [stdout] error: aborting due to 16 previous errors; 2 warnings emitted
[INFO] [stdout] 
[INFO] [stdout] 
[INFO] [stderr] error: could not compile `mailcrab` (lib test) due to 17 previous errors; 2 warnings emitted
[INFO] [stderr] warning: build failed, waiting for other jobs to finish...
[INFO] [stdout] warning: unused import: `anyhow::Context`
[INFO] [stdout]  --> src/routes/admin/dashboard.rs:4:5
[INFO] [stdout]   |
[INFO] [stdout] 4 |     anyhow::Context,
[INFO] [stdout]   |     ^^^^^^^^^^^^^^^
[INFO] [stdout] 
[INFO] [stdout] 
[INFO] [stdout] error: aborting due to 16 previous errors; 2 warnings emitted
[INFO] [stdout] 
[INFO] [stdout] 
[INFO] [stderr] error: could not compile `mailcrab` (lib) due to 17 previous errors; 2 warnings emitted
[INFO] running `Command { std: "docker" "inspect" "5015e10b70f194db430c15925f72cff42040e9c7f1c260e8f857a3345df70727", kill_on_drop: false }`
[INFO] running `Command { std: "docker" "rm" "-f" "5015e10b70f194db430c15925f72cff42040e9c7f1c260e8f857a3345df70727", kill_on_drop: false }`
[INFO] [stdout] 5015e10b70f194db430c15925f72cff42040e9c7f1c260e8f857a3345df70727
